 477. Suppose -3*u + 25 = -38. Suppose 9 - u = 3*g, 0 = -x + g + s. List the prime factors of x.
3, 11
Let b be (-2)/(-9 - (-747)/81). What are the prime factors of (9/(-27) + (-12)/b)*91?
7, 13
Suppose 5*y + 2*f = 4, 2*y + 2*f - f - 1 = 0. Suppose 2*w - 389 - 28 = -d, -y*d = w - 819. What are the prime factors of d?
11, 37
Let h(n) = -70*n**2 - 4*n + 11735. List the prime factors of h(0).
5, 2347
Let l(t) = 23*t + 29*t + 36*t - 38 - 25*t. List the prime factors of l(3).
151
Suppose -2*n + 124 = 110. Suppose 0 = -n*b + 432 + 2914. List the prime factors of b.
2, 239
Let b be -2019 + (4 - 5) + 3. List the prime factors of b/(-7) + 4/(-28).
2, 3
Suppose -4*l + 536 = -y - 2*l, 5*y + 3*l + 2693 = 0. Let h = y + 1245. What are the prime factors of h?
7, 101
Let c be (-5 - -4)/((-2)/582). Let h be (-4)/6*c/2. Let t = h + 245. List the prime factors of t.
2, 37
Let i = 185 + -183. Suppose i*j = 10*j - 1680. List the prime factors of j.
2, 3, 5, 7
Suppose -w - 3 = -4*z - 5, 0 = 2*w + 4*z - 4. Suppose 6*d - d - 1590 = 0. Suppose 2*h - 4*h = p - 139, w*p - 4*h = d. What are the prime factors of p?
149
Let p(t) = 178*t**3 - 2*t**2 + 1. Let j be p(1). Suppose -16*y = -13*y - j. Let s = y - -153. What are the prime factors of s?
2, 53
Let h(z) = -108*z + 13. Let w be h(-3). Suppose 1701 = -3*m - 6*m. Let t = w + m. List the prime factors of t.
2, 37
Let j(l) be the second derivative of l**4/12 + 4*l**3/3 - 10*l**2 + 17*l. Let r be j(-10). List the prime factors of r + 1252/14 + 6/(-14).
89
Let q = 519 - 508. Suppose 9*k + 577 = q*k + 5*f, -k = -5*f - 311. List the prime factors of k.
2, 37
Let q(b) be the second derivative of b**5/20 + b**4/12 - b**3/3 + 56*b**2 - 3*b + 206. Let d be (-6)/(-10) - (-9)/(-15). What are the prime factors of q(d)?
2, 7
What are the prime factors of 7/(49/(-4260))*(-23030)/940?
2, 3, 5, 7, 71
Let j be -1044 + (-2)/(-4)*(7 - 9). Let y = j + 1500. List the prime factors of y.
5, 7, 13
Suppose -5*a = 5*o + 2515 - 32185, 17796 = 3*o + 4*a. List the prime factors of o.
2, 3, 5, 11
Suppose 15*p - 91217 + 19783 = 83006. What are the prime factors of p?
2, 3, 11, 13
Let n(b) = 4*b**2 + 36*b + 8. Let o be n(-8). List the prime factors of (o/(-16))/(12/1040).
2, 5, 13
What are the prime factors of ((-107680480)/(-551))/32 - 3/((-57)/(-2))?
31, 197
Let v(m) = -m**3 + 3*m**2 + m - 3. Let g be v(5). Suppose 3*x = i - 5*i + 321, -5*x = -3*i + 219. Let z = i + g. List the prime factors of z.
2, 3, 5
Let t be (56/(-9) + 14/63)/(-2). Suppose -t*o + 5*v = -2758 + 462, 0 = 5*o - 2*v - 3833. What are the prime factors of o?
13, 59
Let r = -558 - -853. Suppose r = -0*x + 5*x. Suppose -t = -w + 11, t + x - 16 = 5*w. List the prime factors of w.
2
Let i be ((-117)/12)/((-30)/(-200))*-4. Let h be 176 - -1 - (1 - 0). Let b = i - h. List the prime factors of b.
2, 3, 7
Let k(a) = 204*a**2 + 23*a + 77. What are the prime factors of k(-13)?
2, 3, 11, 173
Let n be (-581)/(-166)*(-1)/2*-4. List the prime factors of 6589/n - (-14)/(-49).
941
Suppose 6 = -2*i, 4*d - 2 = 3*i + 7. Suppose -1420 = -3*k + 4*l, -3*k + d*l = -3*l - 1425. What are the prime factors of k?
2, 3, 5
Let a = 595 + -2020. Let f = a + 2027. List the prime factors of f.
2, 7, 43
Let s(m) be the third derivative of 19*m**2 - 2*m**3 + 1/30*m**5 + 1/8*m**4 + 0 + 0*m. List the prime factors of s(-5).
23
Suppose -h = -5*l - 2163, 0 = -5*h + 3*l + 2372 + 8333. Let s = h + -1494. What are the prime factors of s?
2, 7, 23
Let i(y) = -y**3 - y - 1. Let m(h) = -4*h**3 - 9*h**2 + 4*h - 14. Let a(w) = -5*i(w) + m(w). Let q be a(8). What are the prime factors of (-22 + 217)*q/(-3)?
5, 13
Let g = -35441 - -65739. What are the prime factors of g?
2, 15149
Let a be 0 + 0 - -4 - (3 - 453). Let o = a + -249. What are the prime factors of o?
5, 41
Let c(i) = -13*i + 149. Let w(d) = 2*d**2 - 15*d + 7. Let u be w(7). What are the prime factors of c(u)?
149
Let p(w) = w**3 - 6*w**2 - 27*w + 18. Let b be p(9). Suppose -2*r + 218 = -b. What are the prime factors of r?
2, 59
Let u(v) be the third derivative of v**6/120 + 23*v**5/60 + v**4/2 - 7*v**3/2 - v**2 + 73*v. List the prime factors of u(-21).
3, 7, 29
Suppose 2*x + 202 = -5*f, -8*x = -2*f - 4*x - 76. List the prime factors of 19900/f*(-3 + 2)*2.
5, 199
Let r(m) = 5*m**2 + 20*m + 15. Suppose 3*l - 20 = g - 8, -l = 2*g + 24. List the prime factors of r(g).
3, 5, 11
Suppose 0*v = -8*v + 824. Let k = 327 - v. List the prime factors of k.
2, 7
Suppose 36023 + 600 = 7*b - 3*k, -10492 = -2*b + 4*k. List the prime factors of b.
2, 1307
Let w(u) = u**3 - 6*u**2 - 6*u - 5. Let r be w(7). Let o(q) = 2*q**3 + 3*q**2 + 1 - 3*q**3 + 4*q + 4 + r*q**2. What are the prime factors of o(5)?
5
Let p = -9980 + 15657. Suppose 28*f - p = 6839. List the prime factors of f.
3, 149
Let r be 2/((-4)/4*(-2)/(-26)). Let v be (r/(-14) - 1)*(-14)/(-4). Suppose -3*l = -2*a - 667, -3*l + 669 = -0*l - v*a. What are the prime factors of l?
13, 17
Suppose -4*a + 0*k + 19 = -3*k, 0 = -k - 1. Let w be a*(35/(-4) + 4). Let f = 24 + w. What are the prime factors of f?
5
Suppose 0*k - 3*k - 2*n + 24 = 0, -4*k - 3*n = -32. Suppose -k*m + 7127 = 1487. List the prime factors of m.
3, 5, 47
Let t(f) = -f**3 - 6*f**2 + 18*f + 14. Let q be t(-8). Let b = 7 + q. Suppose s = b*s - 388. What are the prime factors of s?
97
Let l be -64 + 6/((-39)/6 - -5). What are the prime factors of l/20 + 3 - 24003/(-45)?
13, 41
Suppose -2*n - 11759 = -42691. What are the prime factors of n?
2, 11, 19, 37
Suppose -f + 0*f - q - 1 = 0, f - q - 3 = 0. Let y(c) = -c**2 + 2*c - 1. Let z be y(f). Suppose z = 5*w - 10*w + 120. What are the prime factors of w?
2, 3
Let x(i) = -686 - 30*i + 632 + 323. What are the prime factors of x(-9)?
7, 11
Suppose -5*s - 3*s + 56 = 0. Suppose 3*j + x - s - 392 = 0, 679 = 5*j - 3*x. What are the prime factors of j?
2, 67
Let a(z) = -z**2 + 29*z - 85. Suppose -420 = 10*j - 31*j. List the prime factors of a(j).
5, 19
Let x(f) = 13*f**2 + 95*f + 1369. List the prime factors of x(-22).
3, 619
Suppose -28 = 16*y - 108. Let i(j) = 7*j - 13 + 7*j + 1. List the prime factors of i(y).
2, 29
Let g = -7976 + 9419. List the prime factors of g.
3, 13, 37
Suppose 37*c - 150*c + 13447 = 0. Let h be (-16)/(-7) - (-4)/(-14). Suppose -111 = -2*q - 3*b, 3*q + h*b = 7*b + c. List the prime factors of q.
2, 3
Let c(n) = -4*n - 26. Let h be c(-9). Let d be (-4)/(-12) + h/(-3). What are the prime factors of d + (-273)/(-12) + 3/(-4)?
19
Let y(m) = 62 + m**2 + 7*m + 6*m + 5*m. Suppose -2*i - 44 = 2*k, 9*i + 104 = -5*k + 6*i. What are the prime factors of y(k)?
3
Let h(m) = 3*m - 3. Let a be h(9). Let w be (10 + -6)/((-1)/(-4)). Suppose -w = -5*l + a. What are the prime factors of l?
2
Let g = 433 + -429. Suppose -g*n = -12, -3*n - 2649 = -5*x + 3632. What are the prime factors of x?
2, 17, 37
Let v(x) = -13*x - 11. Let j(h) = -h**2 - 11*h - 5. Let l be j(-11). Let y(n) = -1. Let r(q) = l*y(q) + v(q). What are the prime factors of r(-4)?
2, 23
Let i be ((-20)/(-6))/(25/90). Suppose -7 = 19*w + i. What are the prime factors of (w/1)/1 - (-3 - 153)?
5, 31
Let k = -57244 + 83513. List the prime factors of k.
109, 241
List the prime factors of ((-104114)/(-21))/((-1704)/(-17892)).
52057
Suppose 16*i - 114*i + 1047033 = -1492245. List the prime factors of i.
3, 2879
Let q(s) = -5*s + 58. Let g be q(8). Let i(d) = 12*d - 43. What are the prime factors of i(g)?
173
Suppose -2*x + 3*v = 3, -3*x = -0*x - 3*v. Suppose -8 = -4*g - 2*u, -2*u = -g - x*u + 2. Let m = 71 - g. List the prime factors of m.
3, 23
Let n(t) = 11*t**2 - 14*t + 31. Let r be n(7). Suppose 2*i - 420 = 2*f, -2*f = 3*i - r - 163. List the prime factors of i.
211
Let x = 1 - -4. Suppose 40*h - 44*h + 1160 = 0. Suppose -x*c - z = -6*z - h, -237 = -4*c + 5*z. What are the prime factors of c?
53
Let u be 1 - (19*-11 + 1). Suppose u = -2*g + 3*l, -4*g - 115 = -3*g - 5*l. List the prime factors of 6/(-3) + g/(-1).
2, 7
List the prime factors of (-2 + (-49124)/(-6))/(38/57).
2, 7, 877
Let u = -75 + 78. Suppose u*t - 1441 = -88. List the prime factors of t.
11, 41
Let t(p) = 6*p - 22. Suppose 0 = 9*q - 2*q + 14. Let j(s) = -s + 2. Let v(l) = q*j(l) + t(l). What are the prime factors of v(4)?
2, 3
Let n(l) = -2*l**3 + 10*l**2 - 284*l + 60. What are the prime facto